) = -k**2 - 7*k + 22. Let s be t(-9). What is the tens digit of 72/(-48)*(-2788)/6 - s?
9
Suppose 4*c - h - 555 = -0*c - 67, 0 = -5*h. What is the hundreds digit of c?
1
Suppose -373*q + 369*q + 2*z = -4914, 3*q - 3688 = -z. What is the hundreds digit of q?
2
Suppose -7*s - 2*s + 3355 = -4*s. What is the tens digit of s?
7
Suppose -5*x - 5210 = -13810. Suppose -4*d + 1732 = -5*f, 2*f = -4*d + 8*d - x. What is the tens digit of d?
2
Let n(u) = 4*u - 52. Let p(c) = 2*c - 26. Let k(g) = 6*n(g) - 13*p(g). Let r be k(10). Suppose 0 = -r*b + 182 + 136. What is the units digit of b?
3
Let g(m) = -m**3 + 8*m**2 - 8*m - 11. Let c be (1/3)/(8/984). Suppose 13 = 9*t - c. What is the tens digit of g(t)?
1
Suppose 5*h - 12716 = -4*d + 987, -4*d + 2731 = h. What is the hundreds digit of h?
7
Suppose 0 = -20*w + 18*w + 8. Suppose y + c = 0, 2*c + 24 = w*y - 2*c. Suppose -y*o + 22 = 5*d - 24, o + 5*d = 32. What is the units digit of o?
7
Let o be (-18)/5 + 136/(-40) + 4. Let w(g) = -118*g + 29. What is the hundreds digit of w(o)?
3
Suppose -2*u - b + 8571 = 0, -20*b - 12864 = -3*u - 19*b. What is the thousands digit of u?
4
Let g = 17048 + -7879. What is the thousands digit of g?
9
Suppose -2*c + 3*c = -q - 3, -q = -3*c + 15. What is the tens digit of (8/(-6))/(q/(-9)) + 111?
0
Let f(s) = -s**3 - 14*s**2 + 14*s - 13. Let x be f(-15). Suppose 3*q - 2*q - 1270 = -x*t, -q = 3*t - 1907. What is the tens digit of t?
3
Let t be (-2736)/(-14) - 1/(-21)*-9. What is the tens digit of t/10 + ((-81)/(-6))/9?
2
Let y(h) = 0 - 2*h - 6 + 7 - 4 + 142*h**2. What is the units digit of y(-1)?
1
Let q(f) = f. Let d(n) = 32*n + 11. Let j(v) = -d(v) + 5*q(v). Let p(k) = -53*k - 21. Let w(h) = 7*j(h) - 4*p(h). What is the tens digit of w(2)?
5
Let f(z) be the third derivative of -113*z**4/8 - 188*z**2. What is the hundreds digit of f(-3)?
0
Suppose 6*i = 3*i + 57. Suppose -42*o = -i*o - 24932. What is the units digit of o?
4
Let z(k) = k**2 - 6*k - 12. Let p be z(7). What is the units digit of -59*(p + 0)/5?
9
Let j(b) = 10*b**2 - 3*b + 1. Let t be j(-4). Let z = t + -96. What is the tens digit of z?
7
Suppose -2*l - 165099 = -4*w - l, w - 41268 = -2*l. What is the hundreds digit of w?
2
Suppose 2*y = -2*a + 34, 49 = 2*a - 0*a + 5*y. Suppose 65 = a*k - 7*k. Suppose k*t - 616 = 9*t. What is the tens digit of t?
5
Let j(q) = 2*q**3 - 16*q**2 + 5*q - 334. What is the tens digit of j(12)?
7
Let o = 3755 + -1714. What is the tens digit of o?
4
Let a = 67164 - 29785. What is the units digit of a?
9
Suppose 1112 = 2*m - 3*i, 2*i + 3309 = 5*m + 507. Let p = m + -195. What is the units digit of p?
7
Suppose 0 = 65*a - 1209021 - 274754 - 1408920. What is the units digit of a?
3
Suppose 17*b - 13*b - 224 = 0. Let m be ((-140)/b)/((-2)/4). What is the units digit of m/(-5)*(-43 + -1)?
4
Suppose 6 = -5*h - 4*c, -4*h + 5*c - 9 - 4 = 0. Let f be h/(1 + (3 - 33/9)). Let t(v) = -17*v - 9. What is the tens digit of t(f)?
9
Suppose 3*c = -d + 18 + 75, 0 = 3*d - 9. Let v = c + -25. Suppose 2*z + 4*y - 616 = -2*z, v*z = -2*y + 755. What is the hundreds digit of z?
1
Let d = 4263 + 3030. What is the units digit of d?
3
Let l(i) = -4*i**3 - i**2 + 523. Let c be ((-4)/(-1))/8*0/3. What is the hundreds digit of l(c)?
5
Suppose -6*o = -6715 - 46523. What is the hundreds digit of o?
8
Suppose 33*q + 43093 - 135484 = 159993. What is the units digit of q?
8
Let i(h) = 26*h - 3. Let d be 16/8 + (-2)/(-1 + -1). Suppose -2*m = 2*m + k - 3, 0 = -m + d*k + 17. What is the units digit of i(m)?
9
Suppose 0 = -193*l + 181*l + 96. Suppose 56079 = -l*d + 35*d. What is the hundreds digit of d?
0
Suppose -41*p - 93 = -43*p + q, q = p - 49. Let o = -13 + p. What is the tens digit of o?
3
Let m(o) = -67*o**2 - 25*o - 72. Let u be m(-3). Let d = u + 2478. What is the hundreds digit of d?
8
Let z = 38193 - 7706. What is the tens digit of z?
8
Let z = 59 + -23. Suppose 2*b - 215 = -g, -2*b + 4*g + 154 = -z. What is the units digit of b?
5
Let m be (83148/(-104))/(2/(-12)). Suppose 6*t + 7*t = m. What is the units digit of t?
9
Let l = -19 + 21. Suppose 3664 = 4*y + k, k = -4*y + l*k + 3656. Suppose 2*i = -w + 285 + 84, -5*i = w - y. What is the tens digit of i?
8
Suppose 0 = -14*n - 34 + 90. Suppose n*j - 776 = 2900. What is the hundreds digit of j?
9
Let t(c) be the first derivative of c**3 + 27*c**2/2 - 41*c + 214. What is the thousands digit of t(-27)?
1
Let a(d) = -d**3 + 7*d**2 - 18*d + 24. Let c be a(4). Let l(x) = x**3 - x**2 + 21*x + 355. What is the units digit of l(c)?
5
Suppose 27*x + 770 = 37*x. What is the thousands digit of 1076 + x + 5*1?
1
Let r be 8*(-3 + 1)/(32/(-12)). Let i be 2 - (40/(-15) + 4/r). Suppose -l = -i*l + 3*a + 123, 0 = -4*l + 2*a + 172. What is the tens digit of l?
4
Let h(g) = 6*g + 16. Let l be h(-4). Let r = -37 - l. Let f = r - -32. What is the units digit of f?
3
Suppose -5*g + 295 = 5*z, 5*z + g = 4*g + 287. Let j = -58 + z. Suppose -5*b = -j*b - 645. What is the hundreds digit of b?
1
What is the tens digit of (2 - 1) + 68627 + -92 - 7?
2
Suppose -11*z - 69920 = -319532. What is the units digit of z?
2
Let j be ((-2)/6)/((-17)/102). Suppose 484 = 4*y + 2*x, 12*y - 11*y = -j*x + 121. What is the hundreds digit of y?
1
Suppose 0 = -5*v - 10. Let s be ((-35)/14)/(1/v). Suppose 54 = d - 3*f, -s*d - 5*f + 365 = -f. What is the units digit of d?
9
Suppose 0 = -2*o + r - 621, -3*r = -7*o + 3*o - 1245. Let x = 339 + -798. Let l = o - x. What is the tens digit of l?
5
Suppose 4*r + 4*y = -64, -2*r + 4*y = -0*y + 14. Let p = r + 15. Suppose 4*i - 5*i = -2*g - 132, -3*i = p*g - 428. What is the hundreds digit of i?
1
Suppose -q - 3868 = 2*z, -2*z - 11616 = 3*q + z. Let k be q/(-38)*(8/6 + 0). Suppose -45*u = -41*u - k. What is the tens digit of u?
3
Suppose -8 = -114*l + 110*l. Suppose 0 = 3*c + l*n - 2227, -n + 1493 = 2*c + 2*n. What is the hundreds digit of c?
7
Suppose 0 = -4*l + 4*g - 3145 + 253, -3*g = l + 707. Let d = -413 - l. What is the tens digit of d?
0
Let a(q) = -q - 1. Let p(x) = -x - 1. Let f(m) = -6*a(m) + p(m). Let y be f(1). Let n = 71 - y. What is the tens digit of n?
6
What is the units digit of 2/(1018332/101832 - 10)?
2
Let i(y) = 362*y**2 - 103*y + 279. What is the thousands digit of i(10)?
5
Let y be ((-8)/(-3))/((-27)/324). What is the tens digit of (1 - 1192)/(24/y)?
8
Let k(h) = -1489*h + 3154. What is the ten thousands digit of k(-16)?
2
Let i(o) = -3*o**2 - 13*o + 2. Let v be i(-9). Suppose 2*h - 8 = 0, 0*d + 3*h = -2*d - 358. Let f = v - d. What is the units digit of f?
1
Let z(h) = 269*h - 1112. What is the hundreds digit of z(36)?
5
Let t(j) = -3*j**2 - 10*j - 5. Let z be t(-2). What is the tens digit of 2 + 165/z - (-4)/(-4)?
5
Let y(m) = 10*m - 46. Let u be y(11). What is the hundreds digit of (1012/6)/(u/96)?
2
Let c(l) = -4*l - 3 + 3*l**2 + 4*l**2 + 1 - 2. Let i(b) = b - 9. Let h be i(6). What is the units digit of c(h)?
1
Let s = 34358 - 17578. What is the thousands digit of s?
6
Let v = 150 - -68. Suppose -4*u + 57 = -5*l - 275, -3*u - 4*l + v = 0. Suppose 0 = 5*y - b - 368, -3*y - 2*b + 291 - u = 0. What is the units digit of y?
3
Suppose m = -3*i + 315, 0 = 5*m - 7*m. Let j = i + 238. What is the tens digit of j?
4
Let g = 53765 - 23637. What is the thousands digit of g?
0
Suppose -3*s + 4*f + 9 = 0, 3*f = -3*s + 4*f. Let t be s*40/25*(50 + 0). Let k = -2 - t. What is the units digit of k?
8
Suppose 33*a + z - 8487 = 32*a, 0 = -4*z. What is the thousands digit of a?
8
Let j = -66 - -65. What is the units digit of ((-26)/78)/(j*(-1)/(-2181))?
7
Let q(p) = -2*p**2 + 10*p - 28. Let o be q(8). Let w = o - -78. What is the tens digit of w*((-1)/2)/(4/(-628))?
5
Let a(d) = d**2 - 11*d + 45. Suppose 0 = 15*r - 394 + 109. What is the tens digit of a(r)?
9
Let i = 46439 - 26202. What is the ten thousands digit of i?
2
Let c = -569 - -401. Let h = 98 + c. What is the tens digit of (-2400)/h - (-2)/(-7)?
3
Let g(m) = -10*m**3 + 27*m**2 - 25*m + 59. Let r(j) = 7*j**3 - 18*j**2 + 17*j - 39. Let t(w) = -5*g(w) - 7*r(w). What is the units digit of t(9)?
2
Let q = -26208 + 43078. What is the tens digit of q?
7
What is the tens digit of 2472/(-5*4/(480/(-18)))?
9
Let c(t) = t + 20. Let g be c(3). Let r(l) = l**3 - 22*l**2 - 4*l + 70. What is the units digit of r(g)?
7
S